reds digit of x?
2
Let h(j) = j**3 - 10*j**2 + 9*j + 2. Let i be 1/5 + 245/25. What is the tens digit of h(i)?
9
Let a(h) = -h**2 + 18*h - 20. Let r(w) = w**3 + 11*w**2 + 9*w - 7. Let t be r(-10). Suppose -79 + 31 = -t*q. What is the tens digit of a(q)?
1
Suppose 40*m - 38*m - 22 = 0. Suppose -m*y + 152 = -7*y. What is the tens digit of y?
3
Let q = 552 + -350. Let l = q + -45. What is the units digit of l?
7
Let r = 2166 + -989. What is the tens digit of r?
7
Suppose 5*i + 4*k = 1040, 449 = -0*i + 2*i - 5*k. Suppose 23*w - i = 21*w. Suppose 5*s + 3*b = 170, s + 2*s + b - w = 0. What is the tens digit of s?
3
Let m be (7/(-14))/((-4)/40). Let r(n) = 3*n**3 - 5*n**2 - 11*n + 3. What is the units digit of r(m)?
8
Let q = 0 - 12. Suppose -3*y - u - 69 = -6*u, 46 = -2*y + 2*u. Let j = q - y. What is the tens digit of j?
1
Suppose -17 = n + 3*v, 3*n - 1 = 2*v + 3. Let l be 9 + 0 + 4/n. Suppose 5*u + l = 6*u. What is the units digit of u?
7
Suppose 59 - 10 = 7*b. Let u be -1 + 2 + (13 - 2). Suppose -y + b = -u. What is the units digit of y?
9
Suppose -4*g + 17 + 35 = 0. Suppose 135 + g = 2*d. What is the tens digit of d?
7
Let w(d) = 5*d**2 + 6*d - 3. What is the units digit of w(-5)?
2
Let k(h) = -105*h + 507. What is the thousands digit of k(-5)?
1
Let t(o) = o**3 - 4*o**2 + 10*o + 1. Let q(l) = -l**2 + l + 1. Let c(v) = -6*q(v) + t(v). Let p = -391 - -393. What is the tens digit of c(p)?
1
Let r = 7892 + -4961. What is the hundreds digit of r?
9
Let z = 875 - 604. Suppose 0 = -3*s - i + 16 + z, s - 5*i = 117. What is the tens digit of s?
9
Let t be -1 - (-4 + 3)*1. Suppose u + t*u = 32. What is the tens digit of u?
3
Let u(w) = 4*w - 5. Let p(i) = i**3 + 5*i**2 + 5*i + 4. Let f be p(-4). Suppose 0*y + 4*y - 32 = f. What is the units digit of u(y)?
7
Suppose -4*n = 6*u - 4*u - 30, 3*u + 5*n = 40. Suppose -4*o - 15 = -u*o. Suppose -3*r + 4*r = o. What is the tens digit of r?
1
Let x(z) = -z**2 - 3*z + 1188. What is the tens digit of x(0)?
8
Let t = -34 + 29. Let z(h) = 20*h**3. Let u be z(-1). What is the units digit of (-209)/(-4) - t/u?
2
Let d(i) = -26*i + 89. What is the hundreds digit of d(-10)?
3
Let b(a) = -19 - 4*a**2 + 14*a**2 - a**3 + 17*a + 3*a**2. What is the tens digit of b(14)?
2
Let r be 3/(4/(-8)*1). Let k(h) = h**2 - 4*h + 13. What is the tens digit of k(r)?
7
Suppose 3522*q = 3523*q - 146. What is the units digit of q?
6
Let r(d) = d**3 + 2*d**2 - d - 2. Let s be r(-2). Suppose -5*f - 6*b + 2*b + 281 = s, 3*f = -b + 170. What is the units digit of f?
7
Suppose -l = -36*l + 47950. What is the hundreds digit of l?
3
Suppose 5*w - 153 - 68 = 2*o, -4*o = 12. Let c = w - 10. What is the units digit of c?
3
Suppose -r - 39*z + 38*z = -649, -657 = -r - 3*z. What is the tens digit of r?
4
Let v(q) = q + 12. Let a be v(17). Suppose 3*t = t + 5*m + a, m + 50 = 3*t. What is the tens digit of t?
1
What is the units digit of (-4)/(48/8394)*-2?
9
Suppose s + 11 - 7 = 0. What is the units digit of s + 1/(-2)*-196?
4
What is the hundreds digit of (-3)/5*(-60)/12 - -891?
8
Suppose -46*m + 50*m - 284 = 0. What is the tens digit of m?
7
Let a(u) be the third derivative of -u**6/120 + u**5/6 - 3*u**4/8 - u**3/6 - u**2. Let y be a(9). What is the units digit of 1*(y - 0)*-7?
7
Suppose 2*l + 2278 = -5*d, l - 333 = 3*d + 1036. Suppose -2*t + 9 - 69 = 0. What is the tens digit of d/t - 1/5?
1
Let s(x) = -3*x + 6. Let v be s(19). Let g = 50 - v. What is the units digit of g?
1
Let s(c) = -2*c + 21. Let v(d) = d**2 - 5*d + 10. Let u be v(5). What is the units digit of s(u)?
1
Suppose 12 + 64 = 4*k. Suppose 0 = -2*l + k + 37. Suppose l = 4*j - 32. What is the units digit of j?
5
Let n = -9 + 13. Suppose -3*u + 1 = 2*c, -n*c - 25 = u - 4*u. Suppose -2*v = -x + u*v - 10, 2*x = 5*v - 5. What is the units digit of x?
5
Suppose -9*y - 252 = -2*y. Let d = 63 + y. What is the units digit of d?
7
Suppose 3*l = -99 + 357. Suppose -5*n + h - 6*h + 105 = 0, 4*n - l = -2*h. What is the tens digit of n?
2
Let k be (-4)/10 - 72/20. Let s be 4 + -1 + k - -5. Suppose 4*g = 2*q + 210, s*q + 216 = 4*g - 0*g. What is the units digit of g?
1
Suppose f - 575 = n + 53, 4*n = -2*f + 1274. What is the units digit of f?
1
Let z(u) = 3*u**3 + 8*u**2 - 2*u - 16. What is the units digit of z(5)?
9
Suppose 0 = 2*q - 4*d - 404 - 2374, -2*d = -3*q + 4167. What is the tens digit of q?
8
Let j(a) = -a**2 - 4*a. Let u be j(-4). Let k = -5 + u. Let y(x) = -x**3 - 6*x**2 - 7*x + 1. What is the tens digit of y(k)?
1
Let n(w) = 30*w**2 + 55*w + 316. What is the tens digit of n(-7)?
0
Suppose 176 - 629 = 3*z - u, 3*u = 0. Let o = -240 - z. Let s = -56 - o. What is the tens digit of s?
3
Let o(b) = -32*b - 252. What is the units digit of o(-9)?
6
What is the tens digit of 8/(-6) - (-53046)/54?
8
Let k = -456 + 777. What is the tens digit of k?
2
Let t = 4 + 6. Suppose -5*f + t*f - 135 = 0. What is the tens digit of f?
2
Let m(l) = l**3 - 12*l**2 + 8*l - 7. Let q be m(11). Let b = q + 128. What is the units digit of b?
8
What is the units digit of (1 - -1) + 836 + -9?
9
Let p(v) = v**3 - 53*v**2 + 70*v + 77. What is the tens digit of p(52)?
1
Let b be 1/((5/(-670))/((-2)/(-4))). What is the units digit of 10 + 4 + -9 - b?
2
Let i be (0 + -1)/(3/183). What is the hundreds digit of (i/2)/(2/(-8))?
1
Suppose o + 1 = k, 0 = -4*o - 0*k - 2*k + 14. What is the units digit of ((-7)/(-42)*-3)/(o/(-116))?
9
Suppose 16*q = 10*q - 360. Let z = q + 89. What is the tens digit of z?
2
Suppose 0 = 12*t - 14*t - 18. Let p(o) = -2*o. Let a be p(t). Let w = -5 + a. What is the tens digit of w?
1
Let w(t) = -t**2 + 54*t - 79. What is the units digit of w(36)?
9
Let w(b) = -144*b - 236. What is the units digit of w(-15)?
4
Let k(a) = 2 - 2 + 17*a**2. Suppose -1 = 3*s - 2*s. What is the units digit of k(s)?
7
Suppose u - 12 = -3*u. Suppose -o - 20 = -3*g, u*g = -0*o - 2*o + 5. Suppose 3*n = g*v - 0*v - 37, -2*v + 15 = -n. What is the units digit of v?
8
Suppose -2*z - 5 = -3*y, -5*y + 2*z = 4*z - 19. Suppose -4*u + 8*g = 3*g + y, 12 = 3*u + g. Suppose -1 + 19 = u*h. What is the units digit of h?
6
Let n be (36/(-60))/((-1)/35). Suppose -3*i + 16 = -0*i + d, -n = -5*i + 4*d. Suppose 2*j + 174 = i*j. What is the tens digit of j?
5
What is the thousands digit of (0 + (-3332)/6)/(9/(-27))?
1
Let c(a) = -5*a**3 + 3*a**2 - 3*a. What is the units digit of c(-3)?
1
Let n be (-3)/(21/6 + -2). Let k be 140/2 + 6/n. Let x = -43 + k. What is the tens digit of x?
2
Let t be ((-2)/7)/(4/28). What is the tens digit of -4 - t*143/2?
3
Let x(c) = -c**3 + 17*c**2 - 16*c + 4. Let g be x(16). Suppose -k = -g*v + 3*k - 72, -3*k + 14 = -v. What is the tens digit of 13/(5*(-4)/v)?
1
Suppose 3*n - 3*y - 1194 = 0, -2*n + 5*y = -4*n + 810. Suppose -2*a - 2*d + 0*d = -n, -4*a + 5*d + 755 = 0. What is the tens digit of a?
9
Suppose 0 = -135*y + 134*y + 340. What is the hundreds digit of y?
3
Suppose -12*x = -7*x - 2*t - 743, -x + 2*t + 147 = 0. What is the units digit of x?
9
Suppose 1727 = 2*z + 579. What is the hundreds digit of z?
5
Let w = -612 - -1229. What is the tens digit of w?
1
Let a = 990 - 21. What is the hundreds digit of a?
9
What is the tens digit of (-396)/(-8)*(-32)/(-3) - 5?
2
Let b be (-15)/(-10) + (-15)/(-6). Let y be ((-1)/1 + b)*1. Suppose 0*g + 87 = y*g. What is the tens digit of g?
2
What is the thousands digit of 2/2*(3411 - -7)?
3
Let n(a) = -a**2 + 8*a + 6. Let h be n(5). Let o = h + -16. Suppose o*k + 101 = 3*v, 5*v = v - k + 127. What is the units digit of v?
2
Let q = 322 + -157. What is the units digit of q?
5
Let y be (-4)/(-18) - (-130)/(-18). Let s(m) = -m**2 - 7*m + 5. What is the units digit of s(y)?
5
Let y = 140 + -97. Suppose -3*s - 1 = -y. What is the units digit of s?
4
Let o = 118 - 103. What is the hundreds digit of (55/o)/((-2)/(-66))?
1
Let t be 3/2*88/33. What is the units digit of 32/(-48)*(-138)/t?
3
Let w = -3717 + 8313. What is the units digit of 4/(-18) - (-2 - w/27)?
2
Suppose -w = 8*w - 18. Suppose -4*o + 444 = 4*q, -2*q = -w*o - 0*q + 234. What is the units digit of o?
4
Let r(y) = 2*y**2 + 1. Let s be r(1). Suppose -2*g - s = -g. What is the units digit of g/(-3 - (-69)/24)?
4
Let i = -29 - -50. What is the hundreds digit of 141 + (8 - 1)*6/i?
1
Let a(o) = -4*o**3 + 1. Let h be a(1). Le